
Calculate the highest common divisor of 4146336 and 7776.
864
What is the highest common factor of 589 and 420337?
19
Calculate the greatest common divisor of 13454569 and 3476.
79
What is the greatest common divisor of 29390 and 263060?
10
Calculate the highest common divisor of 452819682 and 213.
213
Calculate the greatest common divisor of 77 and 1671184823.
77
What is the highest common divisor of 457488 and 6?
6
What is the highest common factor of 78255453 and 138?
69
Calculate the greatest common divisor of 2968 and 1053212608.
2968
What is the greatest common factor of 6 and 18145122?
6
Calculate the highest common divisor of 420 and 760828.
4
What is the greatest common factor of 127080 and 27887?
353
Calculate the highest common factor of 12108 and 34110254.
2018
What is the highest common factor of 518 and 485359?
7
Calculate the highest common divisor of 5807489 and 544.
17
Calculate the greatest common factor of 1914 and 110163779.
319
Calculate the highest common factor of 63 and 945249.
3
What is the greatest common factor of 1402999 and 104?
13
What is the greatest common factor of 1428 and 542283?
357
Calculate the highest common divisor of 910 and 1443092.
14
Calculate the highest common factor of 2839 and 15079.
17
Calculate the highest common divisor of 612244 and 487633.
569
What is the greatest common factor of 15 and 959974305?
15
What is the greatest common factor of 1089 and 1346211?
9
What is the greatest common factor of 7917 and 281112?
39
What is the highest common factor of 750321 and 547767?
1089
What is the highest common factor of 23 and 5255950409?
23
Calculate the greatest common factor of 2472 and 177781296.
2472
What is the greatest common factor of 11880 and 136409130?
2970
Calculate the highest common factor of 901848519 and 1287.
1287
Calculate the greatest common divisor of 51 and 17006018.
17
What is the highest common divisor of 49 and 7041223?
7
What is the greatest common factor of 119927 and 666571?
2789
What is the greatest common factor of 21670 and 108857078?
4334
Calculate the greatest common factor of 250560 and 1210460.
580
What is the greatest common factor of 592 and 1242312?
296
What is the highest common factor of 12452371 and 214922?
2621
What is the greatest common divisor of 672 and 2773660512?
672
What is the greatest common divisor of 323274 and 130935?
903
What is the highest common factor of 1450 and 223350?
50
Calculate the highest common divisor of 111872661 and 543.
543
What is the highest common factor of 2106 and 9633?
39
What is the greatest common factor of 31629 and 113763?
39
What is the greatest common divisor of 6026 and 379333687?
3013
What is the greatest common divisor of 1852012 and 1?
1
What is the highest common factor of 30906293 and 13717?
473
What is the greatest common divisor of 4074 and 74494?
14
What is the highest common divisor of 8327 and 2382279?
757
Calculate the highest common factor of 5715963 and 649.
11
What is the greatest common factor of 58 and 11663452?
58
Calculate the greatest common divisor of 1845899 and 132.
11
Calculate the highest common divisor of 142535 and 337415.
145
Calculate the greatest common factor of 680 and 2197505.
85
What is the highest common divisor of 1449 and 2613429?
63
Calculate the highest common factor of 27724355 and 302.
151
What is the highest common divisor of 300616 and 128?
8
What is the highest common factor of 109500 and 474900?
300
What is the highest common factor of 2268 and 15166872?
756
What is the highest common factor of 14040 and 65325?
195
Calculate the greatest common divisor of 75 and 238281.
3
Calculate the highest common factor of 46941965 and 46.
23
What is the greatest common factor of 1337 and 17435053?
191
What is the highest common divisor of 11198 and 2519?
11
Calculate the highest common divisor of 4324932 and 1368.
684
Calculate the highest common divisor of 29467714 and 2398.
218
What is the greatest common factor of 1139 and 251107?
17
Calculate the highest common divisor of 143562 and 808800.
2022
Calculate the greatest common factor of 2653 and 2302902.
7
What is the greatest common divisor of 49760 and 10085108?
1244
What is the highest common factor of 144519 and 1407?
201
Calculate the greatest common factor of 62359 and 149021003.
5669
What is the highest common divisor of 132019180 and 2050?
410
What is the greatest common factor of 203244 and 102?
6
What is the highest common divisor of 3432 and 15554292?
156
Calculate the highest common divisor of 80533 and 54056.
29
What is the greatest common divisor of 6860 and 725820?
20
Calculate the highest common divisor of 27935 and 5536717.
5587
What is the greatest common divisor of 3888 and 12493872?
432
Calculate the greatest common divisor of 653767122 and 3246.
3246
What is the greatest common factor of 4499768 and 12376?
728
Calculate the greatest common factor of 6699 and 244846536.
957
What is the greatest common divisor of 618659 and 4864?
19
What is the highest common divisor of 17393508 and 1936?
484
Calculate the highest common factor of 2268 and 38858508.
108
What is the greatest common factor of 73 and 14408813?
73
What is the greatest common factor of 458305 and 710?
355
What is the greatest common divisor of 2367 and 319?
1
What is the greatest common factor of 123 and 25674446?
41
Calculate the greatest common factor of 128180 and 751738.
754
Calculate the greatest common factor of 1211763 and 28101.
57
What is the highest common divisor of 711886 and 1484?
14
What is the greatest common factor of 3585894 and 4030?
806
Calculate the greatest common divisor of 21141 and 1912086.
2349
What is the greatest common factor of 12779200 and 52675?
1225
What is the greatest common factor of 117 and 831405549?
39
Calculate the greatest common factor of 2634429 and 147.
21
Calculate the highest common divisor of 354 and 13260722.
118
What is the greatest common divisor of 2440860 and 1887?
51
What is the greatest common factor of 1136385 and 7740?
45
Calculate the highest common factor of 17 and 6382085600.
17
What is the greatest common factor of 645298525 and 50?
25
Calculate the highest common factor of 69244 and 13888.
28
Calculate the highest common divisor of 460539 and 3605481.
4149
Calculate the highest common divisor of 648 and 3644765424.
648
What is the highest common divisor of 12992 and 21178178?
406
What is the greatest common divisor of 661212 and 8892?
36
Calculate the highest common factor of 118640 and 164700.
20
Calculate the greatest common divisor of 34925 and 244970.
55
Calculate the highest common factor of 11724696 and 3213.
459
Calculate the greatest common divisor of 3061824 and 32.
32
Calculate the highest common factor of 18645357 and 118.
59
What is the greatest common factor of 63631034 and 1752?
146
What is the greatest common factor of 60465440 and 1120?
1120
Calculate the greatest common factor of 615948 and 12.
12
Calculate the greatest common divisor of 432 and 9977526.
54
Calculate the highest common factor of 28280 and 62740190.
1010
Calculate the highest common divisor of 20607289 and 2429.
347
What is the highest common factor of 1233951 and 157033?
421
Calculate the highest common divisor of 456 and 46656.
24
What is the greatest common factor of 17328 and 26688?
48
What is the highest common divisor of 27121 and 270544?
37
Calculate the greatest common divisor of 8 and 1082412072.
8
Calculate the greatest common divisor of 40585453 and 995.
199
What is the greatest common factor of 6070053 and 66?
33
Calculate the greatest common factor of 978341 and 341551.
5789
What is the highest common divisor of 51796170 and 810?
90
Calculate the highest common factor of 101558152 and 16134.
5378
What is the greatest common factor of 79803 and 68334?
3
What is the highest common factor of 112167 and 1194633?
1089
What is the greatest common factor of 23 and 809437965?
23
What is the greatest common factor of 820894 and 32578?
358
Calculate the highest common factor of 7412380 and 60.
20
Calculate the greatest common factor of 1565 and 1004925625.
1565
What is the greatest common factor of 1362 and 44877900?
1362
Calculate the greatest common factor of 709 and 66983484.
709
What is the greatest co